{"id":200,"date":"2025-02-26T15:56:02","date_gmt":"2025-02-26T14:56:02","guid":{"rendered":"https:\/\/www.bypoupou.fr\/?page_id=200"},"modified":"2025-03-04T22:28:48","modified_gmt":"2025-03-04T21:28:48","slug":"blog","status":"publish","type":"page","link":"https:\/\/www.bypoupou.fr\/index.php\/blog\/","title":{"rendered":"Blog"},"content":{"rendered":"\n<div class=\"wp-block-uagb-container uagb-block-aeaf8641 alignfull uagb-is-root-container\"><div class=\"uagb-container-inner-blocks-wrap\">\n\t\t\t<div class=\"wp-block-uagb-post-grid uagb-post-grid  uagb-post__image-position-top uagb-post__image-enabled uagb-block-a06733b6     uagb-post__items uagb-post__columns-1 is-grid uagb-post__columns-tablet-2 uagb-post__columns-mobile-1 uagb-post__equal-height\" data-total=\"1\" style=\"\">\n\n\t\t\t\t\t\t\t\t\t\t\t\t<article class=\"uagb-post__inner-wrap\">\t\t\t\t\t\t\t\t<div class='uagb-post__image'>\n\t\t\t\t\t\t\t\t\t<a href=\"https:\/\/www.bypoupou.fr\/index.php\/2025\/02\/26\/en-rouge-et-noir\/\" target=\"_self\" rel=\"bookmark noopener noreferrer\" class='uagb-image-ratio-1-2'><img loading=\"lazy\" decoding=\"async\" width=\"400\" height=\"400\" src=\"https:\/\/www.bypoupou.fr\/wp-content\/uploads\/2025\/02\/gabarit-test-2.jpg\" class=\"attachment-large size-large\" alt=\"\" srcset=\"https:\/\/www.bypoupou.fr\/wp-content\/uploads\/2025\/02\/gabarit-test-2.jpg 400w, https:\/\/www.bypoupou.fr\/wp-content\/uploads\/2025\/02\/gabarit-test-2-300x300.jpg 300w, https:\/\/www.bypoupou.fr\/wp-content\/uploads\/2025\/02\/gabarit-test-2-150x150.jpg 150w\" sizes=\"auto, (max-width: 400px) 100vw, 400px\" \/>\t\t\t\t\t<\/a>\n\t\t\t\t\t\t\t<\/div>\n\t\t\t<div class=\"uag-post-grid-wrapper\">\t\t\t<h4 class=\"uagb-post__title uagb-post__text\">\n\t\t\t\t<a href=\"https:\/\/www.bypoupou.fr\/index.php\/2025\/02\/26\/en-rouge-et-noir\/\" target=\"_self\" rel=\"bookmark noopener noreferrer\">En Rouge &amp; Noir<\/a>\n\t\t\t<\/h4>\n\t\t\t\t\t\t<div class='uagb-post__text uagb-post-grid-byline'>\n\t\t\t\t\t\t\t\t<span class=\"uagb-post__author\">\n\t\t\t\t<span class=\"dashicons-admin-users dashicons\"><\/span>\t\t\t\t\t<a href=\"https:\/\/www.bypoupou.fr\/index.php\/author\/admin2240\/\" title=\"Articles par admin2240\" rel=\"author\">admin2240<\/a>\t\t\t\t<\/span>\n\t\t\t\t\t\t\t<time datetime=\"2025-02-26T15:34:16+01:00\" class=\"uagb-post__date\">\n\t\t\t\t<span class=\"dashicons-calendar dashicons\"><\/span>\t\t\t\t\t26 f\u00e9vrier, 2025\t\t\t\t<\/time>\n\t\t\t\t\t\t\t<span class=\"uagb-post__comment\">\n\t\t\t\t<span class=\"dashicons-admin-comments dashicons\"><\/span>\t\t\t\t\tAucun commentaire\t\t\t\t<\/span>\n\t\t\t\t\t\t<\/div>\n\t\t\t\t\t\t\t<div class='uagb-post__text uagb-post__excerpt'>\n\t\t\t\t\t<!-- wp:paragraph {\"fontSize\":\"large\"} -->\n<p class=\"has-large-font-size\"><strong>L\u2019\u00e9l\u00e9gance intemporelle par By Poupou<\/strong><\/p>\n<!-- \/wp:paragraph -->\n\n<!-- wp:paragraph {\"align\":\"center\",\"style\":{\"typography\":{\"fontSize\":\"22px\"}}} -->\n<p class=\"has-text-align-center\" style=\"font-size:22px\">Parmi les associations de couleurs incontournables, le duo <strong>rouge et noir<\/strong> occupe une place de choix. Chic, audacieux et intemporel, il traverse les tendances sans jamais perdre de son \u00e9clat.<\/p>\n<!-- \/wp:paragraph -->\n\n<!-- wp:media-text {\"align\":\"wide\",\"mediaId\":270,\"mediaLink\":\"https:\/\/www.bypoupou.fr\/index.php\/accueil\/ensemble_rouge-noir\/\",\"mediaType\":\"image\",\"mediaWidth\":40} -->\n<div class=\"wp-block-media-text alignwide is-stacked-on-mobile\" style=\"grid-template-columns:40% auto\"><figure class=\"wp-block-media-text__media\"><img loading=\"lazy\" decoding=\"async\" width=\"768\" height=\"1024\" src=\"https:\/\/www.bypoupou.fr\/wp-content\/uploads\/2025\/02\/Ensemble_Rouge-noir-768x1024.jpeg\" alt=\"\" class=\"wp-image-270 size-full\" srcset=\"https:\/\/www.bypoupou.fr\/wp-content\/uploads\/2025\/02\/Ensemble_Rouge-noir-768x1024.jpeg 768w, https:\/\/www.bypoupou.fr\/wp-content\/uploads\/2025\/02\/Ensemble_Rouge-noir-225x300.jpeg 225w, https:\/\/www.bypoupou.fr\/wp-content\/uploads\/2025\/02\/Ensemble_Rouge-noir-1152x1536.jpeg 1152w, https:\/\/www.bypoupou.fr\/wp-content\/uploads\/2025\/02\/Ensemble_Rouge-noir.jpeg 1200w\" sizes=\"auto, (max-width: 768px) 100vw, 768px\" \/><\/figure><div class=\"wp-block-media-text__content\"><!-- wp:paragraph {\"align\":\"center\",\"placeholder\":\"Contenu\u2026\",\"style\":{\"typography\":{\"fontSize\":\"20px\"}}} -->\n<p class=\"has-text-align-center\" style=\"font-size:20px\">Le <strong>rouge<\/strong>, symbole de passion et de vitalit\u00e9, attire naturellement le regard. Associ\u00e9 au <strong>noir<\/strong>, il gagne en profondeur et en \u00e9l\u00e9gance, offrant une touche sophistiqu\u00e9e \u00e0 toutes les tenues. Que ce soit pour une occasion sp\u00e9ciale ou pour rehausser un look du quotidien, ce mod\u00e8le se marie facilement avec une garde-robe vari\u00e9e.<\/p>\n<!-- \/wp:paragraph -->\n\n<!-- wp:image {\"id\":334,\"width\":\"490px\",\"height\":\"auto\",\"sizeSlug\":\"large\",\"linkDestination\":\"none\"} -->\n<figure class=\"wp-block-image size-large is-resized\"><img loading=\"lazy\" decoding=\"async\" width=\"1024\" height=\"576\" src=\"https:\/\/www.bypoupou.fr\/wp-content\/uploads\/2025\/02\/WhatsApp-Image-2025-03-05-at-01.04.42-e1741133318593-1024x576.jpeg\" alt=\"\" class=\"wp-image-334\" style=\"width:490px;height:auto\" srcset=\"https:\/\/www.bypoupou.fr\/wp-content\/uploads\/2025\/02\/WhatsApp-Image-2025-03-05-at-01.04.42-e1741133318593-1024x576.jpeg 1024w, https:\/\/www.bypoupou.fr\/wp-content\/uploads\/2025\/02\/WhatsApp-Image-2025-03-05-at-01.04.42-e1741133318593-300x169.jpeg 300w, https:\/\/www.bypoupou.fr\/wp-content\/uploads\/2025\/02\/WhatsApp-Image-2025-03-05-at-01.04.42-e1741133318593-768x432.jpeg 768w, https:\/\/www.bypoupou.fr\/wp-content\/uploads\/2025\/02\/WhatsApp-Image-2025-03-05-at-01.04.42-e1741133318593.jpeg 1275w\" sizes=\"auto, (max-width: 1024px) 100vw, 1024px\" \/><\/figure>\n<!-- \/wp:image --><\/div><\/div>\n<!-- \/wp:media-text -->\n\n<!-- wp:gallery {\"linkTo\":\"none\"} -->\n<figure class=\"wp-block-gallery has-nested-images columns-default is-cropped\"><!-- wp:image {\"id\":338,\"sizeSlug\":\"large\",\"linkDestination\":\"none\"} -->\n<figure class=\"wp-block-image size-large\"><img decoding=\"async\" src=\"https:\/\/www.bypoupou.fr\/wp-content\/uploads\/2025\/02\/WhatsApp-Image-2025-03-04-at-22.15.17-576x1024.jpeg\" alt=\"\" class=\"wp-image-338\" \/><\/figure>\n<!-- \/wp:image --><\/figure>\n<!-- \/wp:gallery -->\t\t\t\t<\/div>\n\t\t\t\t\t\t<div class=\"uagb-post__text uagb-post__cta wp-block-button\">\n\t\t\t\t<a class=\"wp-block-button__link uagb-text-link\" style=\"\" href=\"https:\/\/www.bypoupou.fr\/index.php\/2025\/02\/26\/en-rouge-et-noir\/\" target=\"_self\" rel=\"bookmark noopener noreferrer\">Lire la suite<\/a>\n\t\t\t<\/div>\n\t\t\t<\/div>\n\t\t\t\t\t\t\t\t\t<\/article>\n\t\t\t\t\t\t\t\t\t\t\t\t\t\t\t\t<article class=\"uagb-post__inner-wrap\">\t\t\t\t\t\t\t\t<div class='uagb-post__image'>\n\t\t\t\t\t\t\t\t\t<a href=\"https:\/\/www.bypoupou.fr\/index.php\/2025\/02\/14\/bonjour-tout-le-monde\/\" target=\"_self\" rel=\"bookmark noopener noreferrer\" class='uagb-image-ratio-1-2'><img loading=\"lazy\" decoding=\"async\" width=\"1024\" height=\"417\" src=\"https:\/\/www.bypoupou.fr\/wp-content\/uploads\/2025\/02\/gabarit-article-1024x417.jpg\" class=\"attachment-large size-large\" alt=\"\" srcset=\"https:\/\/www.bypoupou.fr\/wp-content\/uploads\/2025\/02\/gabarit-article-1024x417.jpg 1024w, https:\/\/www.bypoupou.fr\/wp-content\/uploads\/2025\/02\/gabarit-article-300x122.jpg 300w, https:\/\/www.bypoupou.fr\/wp-content\/uploads\/2025\/02\/gabarit-article-768x312.jpg 768w, https:\/\/www.bypoupou.fr\/wp-content\/uploads\/2025\/02\/gabarit-article-1536x625.jpg 1536w, https:\/\/www.bypoupou.fr\/wp-content\/uploads\/2025\/02\/gabarit-article.jpg 2048w\" sizes=\"auto, (max-width: 1024px) 100vw, 1024px\" \/>\t\t\t\t\t<\/a>\n\t\t\t\t\t\t\t<\/div>\n\t\t\t<div class=\"uag-post-grid-wrapper\">\t\t\t<h4 class=\"uagb-post__title uagb-post__text\">\n\t\t\t\t<a href=\"https:\/\/www.bypoupou.fr\/index.php\/2025\/02\/14\/bonjour-tout-le-monde\/\" target=\"_self\" rel=\"bookmark noopener noreferrer\">L&rsquo;inspiration printani\u00e8re par By Poupou<\/a>\n\t\t\t<\/h4>\n\t\t\t\t\t\t<div class='uagb-post__text uagb-post-grid-byline'>\n\t\t\t\t\t\t\t\t<span class=\"uagb-post__author\">\n\t\t\t\t<span class=\"dashicons-admin-users dashicons\"><\/span>\t\t\t\t\t<a href=\"https:\/\/www.bypoupou.fr\/index.php\/author\/admin2240\/\" title=\"Articles par admin2240\" rel=\"author\">admin2240<\/a>\t\t\t\t<\/span>\n\t\t\t\t\t\t\t<time datetime=\"2025-02-14T11:25:47+01:00\" class=\"uagb-post__date\">\n\t\t\t\t<span class=\"dashicons-calendar dashicons\"><\/span>\t\t\t\t\t14 f\u00e9vrier, 2025\t\t\t\t<\/time>\n\t\t\t\t\t\t\t<span class=\"uagb-post__comment\">\n\t\t\t\t<span class=\"dashicons-admin-comments dashicons\"><\/span>\t\t\t\t\tUn commentaire\t\t\t\t<\/span>\n\t\t\t\t\t\t<\/div>\n\t\t\t\t\t\t\t<div class='uagb-post__text uagb-post__excerpt'>\n\t\t\t\t\t<!-- wp:paragraph -->\n<p><\/p>\n<!-- \/wp:paragraph -->\n\n<!-- wp:media-text {\"align\":\"full\",\"mediaId\":328,\"mediaLink\":\"https:\/\/www.bypoupou.fr\/index.php\/2025\/02\/14\/bonjour-tout-le-monde\/gabarit-article-3\/\",\"mediaType\":\"image\",\"mediaWidth\":48,\"imageFill\":true,\"focalPoint\":{\"x\":0.5,\"y\":1},\"useFeaturedImage\":true,\"fontSize\":\"medium\"} -->\n<div class=\"wp-block-media-text alignfull is-stacked-on-mobile is-image-fill-element has-medium-font-size\" style=\"grid-template-columns:48% auto\"><figure class=\"wp-block-media-text__media\"><img loading=\"lazy\" decoding=\"async\" width=\"1024\" height=\"417\" src=\"https:\/\/www.bypoupou.fr\/wp-content\/uploads\/2025\/02\/gabarit-article-1-1024x417.jpg\" alt=\"\" class=\"wp-image-328 size-full\" style=\"object-position:50% 100%\" srcset=\"https:\/\/www.bypoupou.fr\/wp-content\/uploads\/2025\/02\/gabarit-article-1-1024x417.jpg 1024w, https:\/\/www.bypoupou.fr\/wp-content\/uploads\/2025\/02\/gabarit-article-1-300x122.jpg 300w, https:\/\/www.bypoupou.fr\/wp-content\/uploads\/2025\/02\/gabarit-article-1-768x312.jpg 768w, https:\/\/www.bypoupou.fr\/wp-content\/uploads\/2025\/02\/gabarit-article-1-1536x625.jpg 1536w, https:\/\/www.bypoupou.fr\/wp-content\/uploads\/2025\/02\/gabarit-article-1.jpg 2048w\" sizes=\"auto, (max-width: 1024px) 100vw, 1024px\" \/><\/figure><div class=\"wp-block-media-text__content\"><!-- wp:paragraph {\"align\":\"center\",\"style\":{\"spacing\":{\"margin\":{\"top\":\"0\",\"bottom\":\"0\"}}},\"fontSize\":\"medium\"} -->\n<p class=\"has-text-align-center has-medium-font-size\" style=\"margin-top:0;margin-bottom:0\">Le printemps est synonyme de renouveau et d\u2019explosion de couleurs. <br><strong>By Poupou<\/strong> s\u2019inspire de cette saison pour cr\u00e9er des bijoux \u00e9clatants o\u00f9 le <strong>jaune<\/strong>, symbole de lumi\u00e8re et de gaiet\u00e9, s\u2019associe \u00e0 d\u2019autres teintes pour un rendu harmonieux et vibrant. Voici les couleurs qui, selon moi, subliment le mieux cette nuance solaire.<\/p>\n<!-- \/wp:paragraph --><\/div><\/div>\n<!-- \/wp:media-text -->\n\n<!-- wp:media-text {\"align\":\"wide\",\"mediaId\":313,\"mediaLink\":\"https:\/\/www.bypoupou.fr\/index.php\/2025\/02\/14\/bonjour-tout-le-monde\/by-poupou-1-3\/\",\"mediaType\":\"image\",\"mediaWidth\":39} -->\n<div class=\"wp-block-media-text alignwide is-stacked-on-mobile\" style=\"grid-template-columns:39% auto\"><figure class=\"wp-block-media-text__media\"><img loading=\"lazy\" decoding=\"async\" width=\"450\" height=\"449\" src=\"https:\/\/www.bypoupou.fr\/wp-content\/uploads\/2025\/02\/By-poupou-1-1-e1741127774839.jpeg\" alt=\"\" class=\"wp-image-313 size-full\" srcset=\"https:\/\/www.bypoupou.fr\/wp-content\/uploads\/2025\/02\/By-poupou-1-1-e1741127774839.jpeg 450w, https:\/\/www.bypoupou.fr\/wp-content\/uploads\/2025\/02\/By-poupou-1-1-e1741127774839-300x300.jpeg 300w, https:\/\/www.bypoupou.fr\/wp-content\/uploads\/2025\/02\/By-poupou-1-1-e1741127774839-150x150.jpeg 150w\" sizes=\"auto, (max-width: 450px) 100vw, 450px\" \/><\/figure><div class=\"wp-block-media-text__content\"><!-- wp:paragraph {\"align\":\"center\",\"placeholder\":\"Contenu\u2026\",\"style\":{\"elements\":{\"link\":{\"color\":{\"text\":\"var:preset|color|palette-color-4\"}}}},\"backgroundColor\":\"palette-color-7\",\"textColor\":\"palette-color-4\",\"fontSize\":\"medium\"} -->\n<p class=\"has-text-align-center has-palette-color-4-color has-palette-color-7-background-color has-text-color has-background has-link-color has-medium-font-size\">Le bleu m\u2019\u00e9voque l\u2019immensit\u00e9 de l\u2019oc\u00e9an, sa fra\u00eecheur et sa profondeur. Combin\u00e9 au jaune, il cr\u00e9e un \u00e9quilibre parfait entre l\u2019\u00e9nergie du soleil et la s\u00e9r\u00e9nit\u00e9 des flots. <br>Un duo id\u00e9al pour un look lumineux.<\/p>\n<!-- \/wp:paragraph --><\/div><\/div>\n<!-- \/wp:media-text -->\n\n<!-- wp:media-text {\"align\":\"wide\",\"mediaPosition\":\"right\",\"mediaId\":286,\"mediaLink\":\"https:\/\/www.bypoupou.fr\/index.php\/2025\/02\/26\/test\/by-poupou-4\/\",\"mediaType\":\"image\",\"mediaWidth\":38} -->\n<div class=\"wp-block-media-text alignwide has-media-on-the-right is-stacked-on-mobile\" style=\"grid-template-columns:auto 38%\"><div class=\"wp-block-media-text__content\"><!-- wp:paragraph {\"align\":\"center\",\"placeholder\":\"Contenu\u2026\",\"style\":{\"elements\":{\"link\":{\"color\":{\"text\":\"var:preset|color|palette-color-4\"}}}},\"textColor\":\"palette-color-4\",\"fontSize\":\"medium\"} -->\n<p class=\"has-text-align-center has-palette-color-4-color has-text-color has-link-color has-medium-font-size\">Le rouge, c\u2019est la vitalit\u00e9, la chaleur et la passion. Alli\u00e9 au jaune, il \u00e9voque un coucher de soleil flamboyant ou la douceur d\u2019une journ\u00e9e d\u2019\u00e9t\u00e9. Cette alliance \u00e9nergique est id\u00e9ale pour affirmer son style avec audace et \u00e9clat.<\/p>\n<!-- \/wp:paragraph --><\/div><figure class=\"wp-block-media-text__media\"><img loading=\"lazy\" decoding=\"async\" width=\"363\" height=\"302\" src=\"https:\/\/www.bypoupou.fr\/wp-content\/uploads\/2025\/02\/By-poupou-4-e1741130702856.jpeg\" alt=\"\" class=\"wp-image-286 size-full\" srcset=\"https:\/\/www.bypoupou.fr\/wp-content\/uploads\/2025\/02\/By-poupou-4-e1741130702856.jpeg 363w, https:\/\/www.bypoupou.fr\/wp-content\/uploads\/2025\/02\/By-poupou-4-e1741130702856-300x250.jpeg 300w\" sizes=\"auto, (max-width: 363px) 100vw, 363px\" \/><\/figure><\/div>\n<!-- \/wp:media-text -->\n\n<!-- wp:media-text {\"align\":\"wide\",\"mediaId\":302,\"mediaType\":\"image\",\"mediaWidth\":34,\"verticalAlignment\":\"center\"} -->\n<div class=\"wp-block-media-text alignwide is-stacked-on-mobile is-vertically-aligned-center\" style=\"grid-template-columns:34% auto\"><figure class=\"wp-block-media-text__media\"><img loading=\"lazy\" decoding=\"async\" width=\"450\" height=\"800\" src=\"https:\/\/www.bypoupou.fr\/wp-content\/uploads\/2025\/02\/By-poupou-17.jpeg\" alt=\"\" class=\"wp-image-302 size-full\" srcset=\"https:\/\/www.bypoupou.fr\/wp-content\/uploads\/2025\/02\/By-poupou-17.jpeg 450w, https:\/\/www.bypoupou.fr\/wp-content\/uploads\/2025\/02\/By-poupou-17-169x300.jpeg 169w\" sizes=\"auto, (max-width: 450px) 100vw, 450px\" \/><\/figure><div class=\"wp-block-media-text__content\"><!-- wp:paragraph {\"align\":\"center\",\"placeholder\":\"Contenu\u2026\",\"style\":{\"elements\":{\"link\":{\"color\":{\"text\":\"var:preset|color|palette-color-4\"}}}},\"textColor\":\"palette-color-4\",\"fontSize\":\"medium\"} -->\n<p class=\"has-text-align-center has-palette-color-4-color has-text-color has-link-color has-medium-font-size\">Le vert incarne la nature, le renouveau et l\u2019harmonie. <br>Associ\u00e9 au jaune, il rappelle les champs en fleurs et la douceur des paysages printaniers. C\u2019est une combinaison rafra\u00eechissante, parfaite pour celles et ceux qui aiment les couleurs inspir\u00e9es du monde v\u00e9g\u00e9tal.<\/p>\n<!-- \/wp:paragraph -->\n\n<!-- wp:image {\"id\":326,\"width\":\"566px\",\"height\":\"auto\",\"sizeSlug\":\"full\",\"linkDestination\":\"none\"} -->\n<figure class=\"wp-block-image size-full is-resized\"><img loading=\"lazy\" decoding=\"async\" width=\"567\" height=\"425\" src=\"https:\/\/www.bypoupou.fr\/wp-content\/uploads\/2025\/03\/By-poupou-3-1-edited.jpeg\" alt=\"\" class=\"wp-image-326\" style=\"width:566px;height:auto\" srcset=\"https:\/\/www.bypoupou.fr\/wp-content\/uploads\/2025\/03\/By-poupou-3-1-edited.jpeg 567w, https:\/\/www.bypoupou.fr\/wp-content\/uploads\/2025\/03\/By-poupou-3-1-edited-300x225.jpeg 300w\" sizes=\"auto, (max-width: 567px) 100vw, 567px\" \/><\/figure>\n<!-- \/wp:image --><\/div><\/div>\n<!-- \/wp:media-text -->\t\t\t\t<\/div>\n\t\t\t\t\t\t<div class=\"uagb-post__text uagb-post__cta wp-block-button\">\n\t\t\t\t<a class=\"wp-block-button__link uagb-text-link\" style=\"\" href=\"https:\/\/www.bypoupou.fr\/index.php\/2025\/02\/14\/bonjour-tout-le-monde\/\" target=\"_self\" rel=\"bookmark noopener noreferrer\">Lire la suite<\/a>\n\t\t\t<\/div>\n\t\t\t<\/div>\n\t\t\t\t\t\t\t\t\t<\/article>\n\t\t\t\t\t\t\t\t\t\t\t\t\t<div class=\"uagb-post-pagination-wrap\">\n\t\t\t\t\t\t\t\t\t\t\t<\/div>\n\t\t\t\t\t\t\t\t<\/div>\n\t\t\t<\/div><\/div>\n\n\n\n<p><\/p>\n","protected":false},"excerpt":{"rendered":"","protected":false},"author":1,"featured_media":0,"parent":0,"menu_order":0,"comment_status":"closed","ping_status":"closed","template":"","meta":{"_uag_custom_page_level_css":"","footnotes":""},"class_list":["post-200","page","type-page","status-publish","hentry"],"blocksy_meta":{"disable_share_box":"no","disable_featured_image":"no","page_structure_type":"type-1","styles_descriptor":{"styles":{"desktop":"","tablet":"","mobile":""},"google_fonts":[],"version":6},"has_hero_section":"disabled"},"uagb_featured_image_src":{"full":false,"thumbnail":false,"medium":false,"medium_large":false,"large":false,"1536x1536":false,"2048x2048":false},"uagb_author_info":{"display_name":"admin2240","author_link":"https:\/\/www.bypoupou.fr\/index.php\/author\/admin2240\/"},"uagb_comment_info":0,"uagb_excerpt":null,"_links":{"self":[{"href":"https:\/\/www.bypoupou.fr\/index.php\/wp-json\/wp\/v2\/pages\/200","targetHints":{"allow":["GET"]}}],"collection":[{"href":"https:\/\/www.bypoupou.fr\/index.php\/wp-json\/wp\/v2\/pages"}],"about":[{"href":"https:\/\/www.bypoupou.fr\/index.php\/wp-json\/wp\/v2\/types\/page"}],"author":[{"embeddable":true,"href":"https:\/\/www.bypoupou.fr\/index.php\/wp-json\/wp\/v2\/users\/1"}],"replies":[{"embeddable":true,"href":"https:\/\/www.bypoupou.fr\/index.php\/wp-json\/wp\/v2\/comments?post=200"}],"version-history":[{"count":6,"href":"https:\/\/www.bypoupou.fr\/index.php\/wp-json\/wp\/v2\/pages\/200\/revisions"}],"predecessor-version":[{"id":301,"href":"https:\/\/www.bypoupou.fr\/index.php\/wp-json\/wp\/v2\/pages\/200\/revisions\/301"}],"wp:attachment":[{"href":"https:\/\/www.bypoupou.fr\/index.php\/wp-json\/wp\/v2\/media?parent=200"}],"curies":[{"name":"wp","href":"https:\/\/api.w.org\/{rel}","templated":true}]}}